 n be w(1). List the prime factors of (n + 11)/(-2 + 3).
13
Suppose 5*v = 223 + 462. What are the prime factors of v?
137
Let t = 217 + -83. Suppose 5*u - t + 39 = 0. List the prime factors of u.
19
Suppose -7*n + 505 = -951. List the prime factors of n.
2, 13
Let n be 2*((-9)/6)/3. Let r(w) = w**2 - w - 1. Let x be r(n). List the prime factors of x/(-3) - (-98)/6.
2
Suppose -5*h + 36 = 11. Suppose 5*g = 15 + h. Suppose 2*i - 1 = 5*u, -3 - 1 = -g*u. List the prime factors of i.
3
Suppose u - 3 - 2 = 0. What are the prime factors of u?
5
Let v(q) = 8 - 2*q**2 + 0*q + 3*q + 2*q - 4*q**2 - q**3. List the prime factors of v(-7).
2, 11
Let d(x) = x**3 + 5*x**2 - 7*x - 3. Let l be d(-6). What are the prime factors of -1 + (l - 13*-4)?
2, 3
Let q(m) = -7*m**3 + m. Let w be q(1). List the prime factors of (w/(-10))/((-2)/(-50)).
3, 5
Let p(g) be the first derivative of -2*g**3/3 - g**2/2 - g - 1. Let o(z) = -z**2 - 1. Let j(v) = -3*o(v) + p(v). List the prime factors of j(2).
2
Let n be (-33)/(-9) + (-4)/6. Suppose 0*t - 3*u + 96 = n*t, 58 = 2*t + 5*u. What are the prime factors of t?
2, 17
Let s(k) = k**3 + 2*k - 3. Let i be s(2). Suppose 4*w - 3 = i. List the prime factors of w.
3
Let l be -6*(-2 + -5 - -1). Suppose 0 = -3*x - x + l. Let c = x + -4. List the prime factors of c.
5
Suppose -144 = 3*r - 5*r. List the prime factors of r.
2, 3
Suppose -4*m = w - 200, 3*m - 609 + 189 = -2*w. What are the prime factors of w?
2, 3
Suppose 16 - 74 = -c. List the prime factors of c.
2, 29
Suppose 4*q - 8*q + 5*s + 450 = 0, 2*q + 3*s = 236. What are the prime factors of q?
5, 23
Suppose 2*a + h - 58 = 0, 12 = 2*h + h. List the prime factors of a.
3
What are the prime factors of (-4)/(-2)*(-145)/(-10)?
29
Suppose 2*u + 4*d + 46 = 0, u + 3*d = -20 - 8. Let o = u + 19. What are the prime factors of o?
2, 3
Let k(o) = -o**2 + 4*o + 5. Let v be k(4). Let f(u) = -u**2 + 7*u - 5. List the prime factors of f(v).
5
What are the prime factors of 4 - (-3)/6*8?
2
Suppose -3*c + 28 = 70. List the prime factors of 7/(c/(-24))*1.
2, 3
Let d = -2 + 5. Let i = -11 + 16. Suppose -i*y - 36 + 86 = 5*g, 34 = d*g + 4*y. What are the prime factors of g?
2, 3
Suppose -5 = 3*p + 40. Let a = -1 - p. Let g = a - 9. What are the prime factors of g?
5
Suppose 2*s = r - 2*r + 10, 0 = 3*s - r - 25. Let y = 17 - s. What are the prime factors of y?
2, 5
Let z = 125 + -73. Suppose -59 + 9 = -5*n + 2*y, -4*n + 4*y + z = 0. Suppose n = -4*t + 8*t. What are the prime factors of t?
2
Let c = -8 + 11. Suppose c*n + 3*h - 24 = -0*n, 0 = -n + 3*h. Let k = n + -3. List the prime factors of k.
3
Suppose -9*o + 18*o - 927 = 0. What are the prime factors of o?
103
Suppose u - 6*u + 328 = 2*v, 5*v - 325 = -5*u. What are the prime factors of u?
2, 3, 11
Let j be ((-16)/6)/((-9)/27). Suppose -3*k - 180 = -j*k. List the prime factors of k.
2, 3
Let y(b) = -7*b + 3. Let n(l) = 36*l - 14. Let t(v) = -3*n(v) - 14*y(v). Let q be 4/6*(-3)/2. List the prime factors of t(q).
2, 5
Let x be 1/4 - 636/(-16). Suppose -x = -2*j - 3*p, -3*p = j - 0*p - 26. List the prime factors of j.
2, 7
Let o(i) = -6*i + 2. Let a be o(-3). Let j = a - 11. List the prime factors of j.
3
Let s(q) = 2*q**2 + 13*q + 5. What are the prime factors of s(-17)?
2, 181
Suppose 0 = -4*v + 2*q + 1 - 49, 36 = -3*v - 2*q. Let o be 15 - (602/(-210) - (-4)/(-30)). Let s = v + o. List the prime factors of s.
2, 3
Let o(r) = -2*r. Let g be o(3). Let l(p) = -6*p - 3. Let x(c) = 5*c + 2. Let k(j) = -4*l(j) - 5*x(j). List the prime factors of k(g).
2
Suppose -10*i - 94 = -12*i. What are the prime factors of i?
47
Let x(o) = -o**2 - 35*o - 48. List the prime factors of x(-33).
2, 3
Suppose 34 = 5*t - 16. Suppose -3*s + t = 2*s. What are the prime factors of s?
2
Let l(u) = u**2 - 10*u - 39. What are the prime factors of l(18)?
3, 5, 7
Let c(l) = l**2 - 2*l + 12. List the prime factors of c(9).
3, 5
Suppose 20 = m - 43. What are the prime factors of m?
3, 7
Suppose 0 = 3*k + 12, -6*k + 2*k = -5*x + 271. What are the prime factors of x?
3, 17
Suppose -a - 10 = a, -5*h - 2*a = -15. Suppose -3*x - 3*t + 0*t = -87, h*t - 119 = -4*x. List the prime factors of x.
2, 13
Let z = 68 - 27. List the prime factors of z.
41
Suppose -3*n = -4*u + 3*u - 30, 30 = 3*n - 3*u. Suppose 5*v + 0 - n = 0. List the prime factors of v.
2
Let q(l) = -21*l + 7. Let b(r) = 10*r - 3. Let f(u) = -9*b(u) - 4*q(u). List the prime factors of f(-3).
17
Let p(k) be the first derivative of -11*k**2/2 - k + 3. List the prime factors of p(-2).
3, 7
Let l = -6 - -59. Let z = l - 38. List the prime factors of z.
3, 5
Let x be (0 - (-2)/2) + 3. Let y be 2/(x - 2) - -5. Let s = 12 - y. What are the prime factors of s?
2, 3
Let x = 76 - 44. Suppose -7*b + 3*b + x = 0. What are the prime factors of b?
2
Suppose 4*v + 42 = s + 8, -46 = -3*s - 2*v. Suppose 5*w + s = 4*f + 211, w + 4*f - 53 = 0. List the prime factors of w.
41
Let a(x) = -4 - 1 + 2*x + x**2 - 2. Let y be a(-5). Suppose -5*o = -7*m + 3*m + 16, 2*m = -o + y. What are the prime factors of m?
2
Let v(b) = 31*b**3 - 4*b**2 + 5*b - 5. List the prime factors of v(2).
3, 79
Suppose 6 = -4*p - 22. Let g = 10 + p. List the prime factors of -15*g/(15/(-2)).
2, 3
Let r(z) be the third derivative of z**5/20 + z**3/3 - 10*z**2. Let v be 2*(1 - (2 - 0)). What are the prime factors of r(v)?
2, 7
Let a = -56 + 83. List the prime factors of a.
3
Let q be (4/2)/((-4)/22). Suppose 5*y + 8 = 3. List the prime factors of (q + 1/1)/y.
2, 5
List the prime factors of (-141)/24 + 6 - 766/(-16).
2, 3
Suppose 6*s = 2*s. Suppose 5*y - 55 + 5 = s. List the prime factors of y.
2, 5
Let f(p) = p + 1. Let n(r) = 5*r - 1. Let d(u) = 2*f(u) - n(u). Let o(z) = z - 1. Let b(q) = 2*d(q) + 5*o(q). List the prime factors of b(-5).
2, 3
Suppose -2*i = l - 22, 5*l + 0*i - 97 = 3*i. What are the prime factors of l?
2, 5
Suppose -6*y + 24 = -2*y. List the prime factors of 3/(y - 3)*8.
2
Let o = 28 - 13. What are the prime factors of 77/3 - (-5)/o?
2, 13
Let d = 4 - 0. Suppose 0 = -3*m - 3*l + 3, -d = -m - 2*m - 2*l. What are the prime factors of m?
2
Let m = 3 - -2. Suppose -3*w + m*t = -7*w + 11, 3*w - 47 = 4*t. List the prime factors of w.
3
Let p be 3*((-5)/(-3) - 1). Let u = p + 2. Suppose 3*o = w - u*w + 42, -3*o - 2*w + 42 = 0. What are the prime factors of o?
2, 7
Let i = 3 + 1. Suppose -6 = -i*h + 6. Suppose -6*p = -h*p - 9. List the prime factors of p.
3
Suppose 16 = 5*f + p, -5*p = -3*f - p + 5. Suppose -3*x - f*r = 2*r - 64, 21 = 2*x - r. List the prime factors of x.
13
Suppose 4*s = 2*s + 56. Suppose 5*d - 34 = 2*d + 5*l, -d + 5*l = -s. Suppose 2*f = 5*g + d + 4, 0 = -5*f - 5*g + 35. List the prime factors of f.
2, 3
Suppose 4*k + 4 - 12 = 0. Let n = k + 14. List the prime factors of n.
2
Let m = 2 + -23. List the prime factors of 15 - 7/(m/(-6)).
13
Suppose -2*c + 160 = 4*p - 20, -55 = -p - 3*c. List the prime factors of p.
43
Let i = 1 + 1. Suppose -i = -0*z - 2*z - 2*t, 0 = 3*z - 3*t - 33. What are the prime factors of z?
2, 3
Let o(n) be the third derivative of n**4/24 + 5*n**3/6 + 5*n**2. What are the prime factors of o(15)?
2, 5
Let y = 7 + -2. Let c = y + -2. Suppose 0 = 3*q - 2*q - c. What are the prime factors of q?
3
Let l(p) = 2*p - 3. Let o be (12/(-16))/(2/(-8)). Let z be 1 - 2/o*-3. What are the prime factors of l(z)?
3
Let k(h) be the third derivative of -3*h**4/8 - h**2. Let m be k(-1). Let d = 15 - m. What are the prime factors of d?
2, 3
Suppose 2*x + z = 2*z + 6, -5*z = 2*x - 18. Let v(p) = 3*p + 4. List the prime factors of v(x).
2
Let o = -69 + 262. What are the prime factors of o?
193
Let z(m) = -5*m**2 - 7*m + 7. Let u(h) = 3*h**2 + 4*h - 4. Let y(g) = 7*u(g) + 4*z(g). List the prime factors of y(-4).
2
Suppose -5*v + 0*v = 5*c - 30, 15 = -5*c + 4*v. Let z be (-1*(-6)/2)/c. Suppose -z*p = -0*b + 3*b - 24, 5*p = 5*b - 70. List the prime factors of b.
11
Suppose 0 = 2*n - 5*n + 15. Suppose -p = -n*y + 15, 5*p + 0*y = -3*y - 47. List the prime factors of (1 + -3)/(-2) - p.
11
Suppose 0 = -h - 0*h + 5. Suppose 0 = 4*n - h*o - 6 - 53, -3*n = -4*o - 45. What are the prime factors of n?
11
Suppose -5*w - 3*n - 105 + 446 = 0, 128 = 2*w - 3*n. List the prime factors of w.
67
Let i be -3*1/(2/2). Let l = i - -3. Suppose l = -3*s + 35 - 8. List the pr